{"id":6,"date":"2022-05-07T22:03:51","date_gmt":"2022-05-07T20:03:51","guid":{"rendered":"https:\/\/si-stc.fr\/?page_id=6"},"modified":"2025-04-07T22:50:52","modified_gmt":"2025-04-07T20:50:52","slug":"a-propos-de","status":"publish","type":"page","link":"https:\/\/si-stc.fr\/?page_id=6","title":{"rendered":"A propos de nous"},"content":{"rendered":"\n<p>Le syndicat d&rsquo;initiative de Saint Cheron est une association compos\u00e9e d&rsquo;une trentaine de b\u00e9n\u00e9voles qui font vivre pendant 5 jours la commune au rythme de la f\u00eate des 3 vall\u00e9es. Bonne humeur et convivialit\u00e9 sont les ma\u00eetres mots de ce groupe dynamique qui a \u00e0 c\u0153ur de faire vivre de beaux moments de partage.<\/p>\n\n\n\n<p><\/p>\n","protected":false},"excerpt":{"rendered":"<p>Le syndicat d&rsquo;initiative de Saint Cheron est une association compos\u00e9e d&rsquo;une trentaine de b\u00e9n\u00e9voles qui font vivre pendant 5 jours la commune au rythme de &hellip; <\/p>\n","protected":false},"author":1,"featured_media":0,"parent":0,"menu_order":0,"comment_status":"closed","ping_status":"closed","template":"","meta":{"footnotes":""},"class_list":["post-6","page","type-page","status-publish","hentry","latest_post"],"_links":{"self":[{"href":"https:\/\/si-stc.fr\/index.php?rest_route=\/wp\/v2\/pages\/6","targetHints":{"allow":["GET"]}}],"collection":[{"href":"https:\/\/si-stc.fr\/index.php?rest_route=\/wp\/v2\/pages"}],"about":[{"href":"https:\/\/si-stc.fr\/index.php?rest_route=\/wp\/v2\/types\/page"}],"author":[{"embeddable":true,"href":"https:\/\/si-stc.fr\/index.php?rest_route=\/wp\/v2\/users\/1"}],"replies":[{"embeddable":true,"href":"https:\/\/si-stc.fr\/index.php?rest_route=%2Fwp%2Fv2%2Fcomments&post=6"}],"version-history":[{"count":4,"href":"https:\/\/si-stc.fr\/index.php?rest_route=\/wp\/v2\/pages\/6\/revisions"}],"predecessor-version":[{"id":171,"href":"https:\/\/si-stc.fr\/index.php?rest_route=\/wp\/v2\/pages\/6\/revisions\/171"}],"wp:attachment":[{"href":"https:\/\/si-stc.fr\/index.php?rest_route=%2Fwp%2Fv2%2Fmedia&parent=6"}],"curies":[{"name":"wp","href":"https:\/\/api.w.org\/{rel}","templated":true}]}}

<p>Le syndicat d&rsquo;initiative de Saint Cheron est une association composée d&rsquo;une trentaine de bénévoles qui font vivre pendant 5 jours la commune au rythme de la fête des 3 vallées. Bonne humeur et convivialité sont les maîtres mots de ce groupe dynamique qui a à cœur de faire vivre de beaux moments de partage.</p>



<p></p>

<p>Le syndicat d&rsquo;initiative de Saint Cheron est une association composée d&rsquo;une trentaine de bénévoles qui font vivre pendant 5 jours la commune au rythme de &hellip; </p>
