{"id":55,"date":"2022-05-08T01:29:04","date_gmt":"2022-05-07T23:29:04","guid":{"rendered":"https:\/\/si-stc.fr\/?page_id=55"},"modified":"2022-05-19T14:28:20","modified_gmt":"2022-05-19T12:28:20","slug":"photomaton-2","status":"publish","type":"page","link":"https:\/\/si-stc.fr\/?page_id=55","title":{"rendered":"Photomaton"},"content":{"rendered":"\n<p>Vous pouvez r\u00e9cup\u00e9rer les photos prisent lors de la f\u00eate des 3 vall\u00e9es grace au QR-Code visible sur le photomaton !<\/p>\n","protected":false},"excerpt":{"rendered":"<p>Vous pouvez r\u00e9cup\u00e9rer les photos prisent lors de la f\u00eate des 3 vall\u00e9es grace au QR-Code visible sur le photomaton !<\/p>\n","protected":false},"author":1,"featured_media":0,"parent":0,"menu_order":0,"comment_status":"closed","ping_status":"closed","template":"","meta":{"footnotes":""},"class_list":["post-55","page","type-page","status-publish","hentry","latest_post"],"_links":{"self":[{"href":"https:\/\/si-stc.fr\/index.php?rest_route=\/wp\/v2\/pages\/55","targetHints":{"allow":["GET"]}}],"collection":[{"href":"https:\/\/si-stc.fr\/index.php?rest_route=\/wp\/v2\/pages"}],"about":[{"href":"https:\/\/si-stc.fr\/index.php?rest_route=\/wp\/v2\/types\/page"}],"author":[{"embeddable":true,"href":"https:\/\/si-stc.fr\/index.php?rest_route=\/wp\/v2\/users\/1"}],"replies":[{"embeddable":true,"href":"https:\/\/si-stc.fr\/index.php?rest_route=%2Fwp%2Fv2%2Fcomments&post=55"}],"version-history":[{"count":3,"href":"https:\/\/si-stc.fr\/index.php?rest_route=\/wp\/v2\/pages\/55\/revisions"}],"predecessor-version":[{"id":120,"href":"https:\/\/si-stc.fr\/index.php?rest_route=\/wp\/v2\/pages\/55\/revisions\/120"}],"wp:attachment":[{"href":"https:\/\/si-stc.fr\/index.php?rest_route=%2Fwp%2Fv2%2Fmedia&parent=55"}],"curies":[{"name":"wp","href":"https:\/\/api.w.org\/{rel}","templated":true}]}}