{"id":40,"date":"2022-05-08T01:08:26","date_gmt":"2022-05-07T23:08:26","guid":{"rendered":"https:\/\/si-stc.fr\/?page_id=40"},"modified":"2025-05-07T10:57:01","modified_gmt":"2025-05-07T08:57:01","slug":"evenements-a-venir","status":"publish","type":"page","link":"https:\/\/si-stc.fr\/?page_id=40","title":{"rendered":"\u00c9v\u00e9nement \u00e0 venir"},"content":{"rendered":"\n<div class=\"wp-block-group alignwide\"><div class=\"wp-block-group__inner-container is-layout-flow wp-block-group-is-layout-flow\">\n<div class=\"wp-block-columns is-layout-flex wp-container-core-columns-is-layout-9d6595d7 wp-block-columns-is-layout-flex\">\n<div class=\"wp-block-column is-layout-flow wp-block-column-is-layout-flow\" style=\"flex-basis:100%\">\n<div class=\"wp-block-group\"><div class=\"wp-block-group__inner-container is-layout-flow wp-block-group-is-layout-flow\"><ul class=\"wp-block-latest-posts__list wp-block-latest-posts\"><\/ul><\/div><\/div>\n<\/div>\n<\/div>\n<\/div><\/div>\n\n\n\n<p class=\"has-text-align-center has-vivid-purple-color has-luminous-vivid-amber-background-color has-text-color has-background has-link-color has-medium-font-size wp-elements-56e7f1fa5d4f1b515d4c051c59386315\">F\u00eate des 3 Vall\u00e9es 2025 &#8211; Du mercredi 28 mai au dimanche 1er juin <\/p>\n","protected":false},"excerpt":{"rendered":"<p>F\u00eate des 3 Vall\u00e9es 2025 &#8211; Du mercredi 28 mai au dimanche 1er juin<\/p>\n","protected":false},"author":1,"featured_media":175,"parent":0,"menu_order":0,"comment_status":"closed","ping_status":"closed","template":"","meta":{"footnotes":""},"class_list":["post-40","page","type-page","status-publish","has-post-thumbnail","hentry","latest_post"],"_links":{"self":[{"href":"https:\/\/si-stc.fr\/index.php?rest_route=\/wp\/v2\/pages\/40","targetHints":{"allow":["GET"]}}],"collection":[{"href":"https:\/\/si-stc.fr\/index.php?rest_route=\/wp\/v2\/pages"}],"about":[{"href":"https:\/\/si-stc.fr\/index.php?rest_route=\/wp\/v2\/types\/page"}],"author":[{"embeddable":true,"href":"https:\/\/si-stc.fr\/index.php?rest_route=\/wp\/v2\/users\/1"}],"replies":[{"embeddable":true,"href":"https:\/\/si-stc.fr\/index.php?rest_route=%2Fwp%2Fv2%2Fcomments&post=40"}],"version-history":[{"count":9,"href":"https:\/\/si-stc.fr\/index.php?rest_route=\/wp\/v2\/pages\/40\/revisions"}],"predecessor-version":[{"id":178,"href":"https:\/\/si-stc.fr\/index.php?rest_route=\/wp\/v2\/pages\/40\/revisions\/178"}],"wp:featuredmedia":[{"embeddable":true,"href":"https:\/\/si-stc.fr\/index.php?rest_route=\/wp\/v2\/media\/175"}],"wp:attachment":[{"href":"https:\/\/si-stc.fr\/index.php?rest_route=%2Fwp%2Fv2%2Fmedia&parent=40"}],"curies":[{"name":"wp","href":"https:\/\/api.w.org\/{rel}","templated":true}]}}

Événement à venir

<div class="wp-block-group alignwide"><div class="wp-block-group__inner-container is-layout-flow wp-block-group-is-layout-flow">
<div class="wp-block-columns is-layout-flex wp-container-core-columns-is-layout-9d6595d7 wp-block-columns-is-layout-flex">
<div class="wp-block-column is-layout-flow wp-block-column-is-layout-flow" style="flex-basis:100%">
<div class="wp-block-group"><div class="wp-block-group__inner-container is-layout-flow wp-block-group-is-layout-flow"><ul class="wp-block-latest-posts__list wp-block-latest-posts"></ul></div></div>
</div>
</div>
</div></div>



<p class="has-text-align-center has-vivid-purple-color has-luminous-vivid-amber-background-color has-text-color has-background has-link-color has-medium-font-size wp-elements-56e7f1fa5d4f1b515d4c051c59386315">Fête des 3 Vallées 2025 &#8211; Du mercredi 28 mai au dimanche 1er juin </p>

<p>Fête des 3 Vallées 2025 &#8211; Du mercredi 28 mai au dimanche 1er juin</p>
