{"id":143,"date":"2023-05-05T18:31:27","date_gmt":"2023-05-05T16:31:27","guid":{"rendered":"https:\/\/si-stc.fr\/?page_id=143"},"modified":"2023-05-05T19:48:30","modified_gmt":"2023-05-05T17:48:30","slug":"evenement-passe","status":"publish","type":"page","link":"https:\/\/si-stc.fr\/?page_id=143","title":{"rendered":"\u00c9v\u00e9nement Pass\u00e9"},"content":{"rendered":"\n<p>Plongez dans la m\u00e9moire des \u00e9ditions pr\u00e9c\u00e9dentes !<\/p>\n\n\n<ul class=\"wp-block-latest-posts__list wp-block-latest-posts\"><li><a class=\"wp-block-latest-posts__post-title\" href=\"https:\/\/si-stc.fr\/?p=138\">Programme de la 51e \u00e9ditons des 3 Vall\u00e9es<\/a><div class=\"wp-block-latest-posts__post-excerpt\">Tous les b\u00e9n\u00e9voles du Syndicat d&rsquo;Initiative ont le plaisir de vous pr\u00e9senter l&rsquo;ensemble des activit\u00e9s culturel qu&rsquo;ils vous ont concoct\u00e9 pour cette 51e \u00e9dition.&nbsp;Nous vous &hellip; <\/div><\/li>\n<li><a class=\"wp-block-latest-posts__post-title\" href=\"https:\/\/si-stc.fr\/?p=130\">F\u00eate des 3 Vall\u00e9es 2023<\/a><div class=\"wp-block-latest-posts__post-excerpt\">La f\u00eate des 3 vall\u00e9es approche \u00e0 grands pas ! Comme toute l\u2019\u00e9quipe de b\u00e9n\u00e9voles du Syndicat d\u2019Initiative, je suis heureuse de vous retrouver pour &hellip; <\/div><\/li>\n<li><a class=\"wp-block-latest-posts__post-title\" href=\"https:\/\/si-stc.fr\/?p=85\">Videz vos Greniers 2022<\/a><div class=\"wp-block-latest-posts__post-excerpt\">La F\u00eate des 3 Vall\u00e9es arrive \u00e0 grand pas ! notre traditionnel Vide Greniers aura lieu le jeudi 26 mai 2022. Pour y participer, les &hellip; <\/div><\/li>\n<li><a class=\"wp-block-latest-posts__post-title\" href=\"https:\/\/si-stc.fr\/?p=69\">Programme de la 50eme Edition<\/a><div class=\"wp-block-latest-posts__post-excerpt\">Voici un extrait des festivit\u00e9s que vous pourrez retrouver le prochain weekend de l&rsquo;ascension !<\/div><\/li>\n<li><a class=\"wp-block-latest-posts__post-title\" href=\"https:\/\/si-stc.fr\/?p=47\">50 ans de F\u00eates des 3 vall\u00e9es<\/a><div class=\"wp-block-latest-posts__post-excerpt\">Pour la 50e ann\u00e9e cons\u00e9cutive les b\u00e9n\u00e9voles du syndicat d\u2019initiative se remonteront les manches le prochain week-end de l\u2019Ascension pour vous concocter la meilleure des &hellip; <\/div><\/li>\n<\/ul>","protected":false},"excerpt":{"rendered":"<p>Plongez dans la m\u00e9moire des \u00e9ditions pr\u00e9c\u00e9dentes !<\/p>\n","protected":false},"author":1,"featured_media":0,"parent":0,"menu_order":0,"comment_status":"closed","ping_status":"closed","template":"","meta":{"footnotes":""},"class_list":["post-143","page","type-page","status-publish","hentry","latest_post"],"_links":{"self":[{"href":"https:\/\/si-stc.fr\/index.php?rest_route=\/wp\/v2\/pages\/143","targetHints":{"allow":["GET"]}}],"collection":[{"href":"https:\/\/si-stc.fr\/index.php?rest_route=\/wp\/v2\/pages"}],"about":[{"href":"https:\/\/si-stc.fr\/index.php?rest_route=\/wp\/v2\/types\/page"}],"author":[{"embeddable":true,"href":"https:\/\/si-stc.fr\/index.php?rest_route=\/wp\/v2\/users\/1"}],"replies":[{"embeddable":true,"href":"https:\/\/si-stc.fr\/index.php?rest_route=%2Fwp%2Fv2%2Fcomments&post=143"}],"version-history":[{"count":3,"href":"https:\/\/si-stc.fr\/index.php?rest_route=\/wp\/v2\/pages\/143\/revisions"}],"predecessor-version":[{"id":160,"href":"https:\/\/si-stc.fr\/index.php?rest_route=\/wp\/v2\/pages\/143\/revisions\/160"}],"wp:attachment":[{"href":"https:\/\/si-stc.fr\/index.php?rest_route=%2Fwp%2Fv2%2Fmedia&parent=143"}],"curies":[{"name":"wp","href":"https:\/\/api.w.org\/{rel}","templated":true}]}}

Événement Passé

<p>Plongez dans la mémoire des éditions précédentes !</p>


<ul class="wp-block-latest-posts__list wp-block-latest-posts"><li><a class="wp-block-latest-posts__post-title" href="https://si-stc.fr/?p=138">Programme de la 51e éditons des 3 Vallées</a><div class="wp-block-latest-posts__post-excerpt">Tous les bénévoles du Syndicat d&rsquo;Initiative ont le plaisir de vous présenter l&rsquo;ensemble des activités culturel qu&rsquo;ils vous ont concocté pour cette 51e édition.&nbsp;Nous vous &hellip; </div></li>
<li><a class="wp-block-latest-posts__post-title" href="https://si-stc.fr/?p=130">Fête des 3 Vallées 2023</a><div class="wp-block-latest-posts__post-excerpt">La fête des 3 vallées approche à grands pas ! Comme toute l’équipe de bénévoles du Syndicat d’Initiative, je suis heureuse de vous retrouver pour &hellip; </div></li>
<li><a class="wp-block-latest-posts__post-title" href="https://si-stc.fr/?p=85">Videz vos Greniers 2022</a><div class="wp-block-latest-posts__post-excerpt">La Fête des 3 Vallées arrive à grand pas ! notre traditionnel Vide Greniers aura lieu le jeudi 26 mai 2022. Pour y participer, les &hellip; </div></li>
<li><a class="wp-block-latest-posts__post-title" href="https://si-stc.fr/?p=69">Programme de la 50eme Edition</a><div class="wp-block-latest-posts__post-excerpt">Voici un extrait des festivités que vous pourrez retrouver le prochain weekend de l&rsquo;ascension !</div></li>
<li><a class="wp-block-latest-posts__post-title" href="https://si-stc.fr/?p=47">50 ans de Fêtes des 3 vallées</a><div class="wp-block-latest-posts__post-excerpt">Pour la 50e année consécutive les bénévoles du syndicat d’initiative se remonteront les manches le prochain week-end de l’Ascension pour vous concocter la meilleure des &hellip; </div></li>
</ul>

<p>Plongez dans la mémoire des éditions précédentes !</p>
